factors of 2110?
2, 5, 211
List the prime factors of 86442.
2, 3, 14407
List the prime factors of 252.
2, 3, 7
What are the prime factors of 30674?
2, 7, 313
List the prime factors of 29704.
2, 47, 79
List the prime factors of 181.
181
What are the prime factors of 54273?
3, 79, 229
What are the prime factors of 27967?
27967
List the prime factors of 12492.
2, 3, 347
List the prime factors of 712.
2, 89
What are the prime factors of 309?
3, 103
What are the prime factors of 98459?
98459
What are the prime factors of 52961?
211, 251
What are the prime factors of 106?
2, 53
What are the prime factors of 83012?
2, 20753
What are the prime factors of 148042?
2, 74021
List the prime factors of 14553.
3, 7, 11
List the prime factors of 2980.
2, 5, 149
List the prime factors of 3673.
3673
List the prime factors of 3784.
2, 11, 43
What are the prime factors of 27366?
2, 3, 4561
List the prime factors of 277.
277
What are the prime factors of 2470?
2, 5, 13, 19
What are the prime factors of 2453?
11, 223
What are the prime factors of 19393?
11, 41, 43
List the prime factors of 1669.
1669
List the prime factors of 28171.
11, 13, 197
List the prime factors of 3195.
3, 5, 71
List the prime factors of 4335.
3, 5, 17
List the prime factors of 10810.
2, 5, 23, 47
What are the prime factors of 103297?
53, 1949
List the prime factors of 10505.
5, 11, 191
List the prime factors of 75642.
2, 3, 7, 1801
What are the prime factors of 3040?
2, 5, 19
List the prime factors of 3429.
3, 127
What are the prime factors of 68628?
2, 3, 7, 19, 43
What are the prime factors of 2404?
2, 601
List the prime factors of 5295.
3, 5, 353
What are the prime factors of 17851?
17851
What are the prime factors of 441?
3, 7
What are the prime factors of 39192?
2, 3, 23, 71
What are the prime factors of 26952?
2, 3, 1123
List the prime factors of 2468.
2, 617
List the prime factors of 7614.
2, 3, 47
What are the prime factors of 19905?
3, 5, 1327
List the prime factors of 122615.
5, 137, 179
What are the prime factors of 9520?
2, 5, 7, 17
What are the prime factors of 17120?
2, 5, 107
List the prime factors of 2227.
17, 131
What are the prime factors of 419?
419
What are the prime factors of 1353?
3, 11, 41
List the prime factors of 29983.
29983
What are the prime factors of 5346?
2, 3, 11
List the prime factors of 41108.
2, 43, 239
List the prime factors of 28223.
13, 167
What are the prime factors of 579?
3, 193
What are the prime factors of 40469?
11, 13, 283
What are the prime factors of 10861?
10861
List the prime factors of 642.
2, 3, 107
List the prime factors of 25355.
5, 11, 461
List the prime factors of 80478.
2, 3, 17, 263
List the prime factors of 1540.
2, 5, 7, 11
What are the prime factors of 2719?
2719
List the prime factors of 80.
2, 5
List the prime factors of 3429.
3, 127
What are the prime factors of 1446?
2, 3, 241
What are the prime factors of 8224?
2, 257
What are the prime factors of 1448?
2, 181
List the prime factors of 28200.
2, 3, 5, 47
List the prime factors of 1545.
3, 5, 103
What are the prime factors of 894?
2, 3, 149
What are the prime factors of 1604?
2, 401
List the prime factors of 6305.
5, 13, 97
List the prime factors of 53287.
13, 4099
List the prime factors of 5557.
5557
What are the prime factors of 11670?
2, 3, 5, 389
List the prime factors of 5372.
2, 17, 79
What are the prime factors of 21051?
3, 2339
List the prime factors of 980.
2, 5, 7
List the prime factors of 4234.
2, 29, 73
What are the prime factors of 48630?
2, 3, 5, 1621
What are the prime factors of 7881?
3, 37, 71
What are the prime factors of 40142?
2, 20071
List the prime factors of 120931.
31, 47, 83
What are the prime factors of 9757?
11, 887
What are the prime factors of 49885?
5, 11, 907
What are the prime factors of 626?
2, 313
List the prime factors of 391.
17, 23
List the prime factors of 4059.
3, 11, 41
What are the prime factors of 1101?
3, 367
List the prime factors of 4925.
5, 197
What are the prime factors of 861?
3, 7, 41
List the prime factors of 4779.
3, 59
What are the prime factors of 65016?
2, 3, 7, 43
List the prime factors of 40913.
163, 251
What are the prime factors of 9085?
5, 23, 79
List the prime factors of 19105.
5, 3821
What are the prime factors of 17574?
2, 3, 29, 101
List the prime factors of 1561.
7, 223
List the prime factors of 116.
2, 29
What are the prime factors of 9021?
3, 31, 97
List the prime factors of 2965.
5, 593
What are the prime factors of 155301?
3, 51767
List the prime factors of 22156.
2, 29, 191
List the prime factors of 41847.
3, 13, 29, 37
What are the prime factors of 753?
3, 251
List the prime factors of 106041.
3, 13, 2719
List the prime factors of 3194.
2, 1597
What are the prime factors of 228?
2, 3, 19
What are the prime factors of 69053?
199, 347
What are the prime factors of 1243?
11, 113
List the prime factors of 114235.
5, 11, 31, 67
What are the prime factors of 31532?
2, 7883
What are the prime factors of 29179?
29179
What are the prime factors of 19852?
2, 7, 709
What are the prime factors of 184973?
109, 1697
What are the prime factors of 1181?
1181
What are the prime factors of 16427?
16427
What are the prime factors of 10343?
10343
What are the prime factors of 695?
5, 139
What are the prime factors of 1260?
2, 3, 5, 7
List the prime factors of 911.
911
What are the prime factors of 6399?
3, 79
List the prime factors of 8382.
2, 3, 11, 127
List the prime factors of 4227.
3, 1409
List the prime factors of 53181.
3, 19, 311
What are the prime factors of 11748?
2, 3, 11, 89
What are the prime factors of 16018?
2, 8009
List the prime factors of 186.
2, 3, 31
What are the prime factors of 121367?
121367
What are the prime factors of 67750?
2, 5, 271
List the prime factors of 33708.
2, 3, 53
List the prime factors of 862.
2, 431
List the prime factors of 747.
3, 83
List the prime factors of 458.
2, 229
What are the prime factors of 26648?
2, 3331
List the prime factors of 305.
5, 61
List the prime factors of 15686.
2, 11, 23, 31
What are the prime factors of 39440?
2, 5, 17, 29
What are the prime factors of 5694?
2, 3, 13, 73
List the prime factors of 346.
2, 173
What are the prime factors of 504?
2, 3, 7
What are the prime factors of 6352?
2, 397
List the prime factors of 5339.
19, 281
What are the prime factors of 3255?
3, 5, 7, 31
List the prime factors of 12857.
13, 23, 43
List the prime factors of 32275.
5, 1291
List the prime factors of 28952.
2, 7, 11, 47
List the prime factors of 2200.
2, 5, 11
List the prime factors of 12981.
3, 4327
List the prime factors of 1306.
2, 653
What are the prime factors of 321?
3, 107
What are the prime factors of 159888?
2, 3, 3331
What are the prime factors of 1672?
2, 11, 19
What are the prime factors of 2050?
2, 5, 41
List the prime factors of 2405.
5, 13, 37
List the prime factors of 139681.
139681
List the prime factors of 1255.
5, 251
What are the prime factors of 1885?
5, 13, 29
List the prime factors of 17094.
2, 3, 7, 11, 37
List the prime factors of 102423.
3, 34141
What are the prime factors of 7661?
47, 163
List the prime factors of 11578.
2, 7, 827
What are the prime factors of 637?
7, 13
List the prime factors of 2151.
3, 239
What are the prime factors of 3133?
13, 241
List the prime factors of 28361.
79, 359
What are the prime factors of 37897?
37897
What are the prime factors of 1137?
3, 379
What are the prime factors of 5164?
2, 1291
List the prime factors of 4620.
2, 3, 5, 7, 11
What are the prime factors of 1189?
29, 41
List the prime factors of 6288.
2, 3, 131
List the prime factors of 1721.
1721
What are the prime factors of 875?
5, 7
What are the prime factors of 751?
751
List the prime factors of 11160.
2, 3, 5, 31
What are the prime factors of 23364?
2, 3, 11, 59
List the prime factors of 33382.
2, 16691
List the prime factors of 18466.
2, 7, 1319
What are the prime factors of 169800?
2, 3, 5, 283
What are the prime factors of 554?
2, 277
What are the prime factors of 1764?
2, 3, 7
List the prime factors of 10014.
2, 3, 1669
What are the prime factors of 506?
2, 11, 23
List the prime factors of 2526.
2, 3, 421
What are the prime factors of 7767?
3, 863
What are the prime factors of 10608?
2, 3, 13, 17
List the prime factors of 518.
2, 7, 37
What are the